{"id":307,"date":"2026-04-15T15:28:52","date_gmt":"2026-04-15T15:28:52","guid":{"rendered":"https:\/\/humanbeinguserguide.com\/?page_id=307"},"modified":"2026-04-15T15:57:53","modified_gmt":"2026-04-15T15:57:53","slug":"a-propos","status":"publish","type":"page","link":"https:\/\/humanbeinguserguide.com\/index.php\/a-propos\/","title":{"rendered":"A propos"},"content":{"rendered":"\t\t<div data-elementor-type=\"wp-page\" data-elementor-id=\"307\" class=\"elementor elementor-307\">\n\t\t\t\t<div class=\"elementor-element elementor-element-99bff31 e-flex e-con-boxed e-con e-parent\" data-id=\"99bff31\" data-element_type=\"container\" data-e-type=\"container\" data-settings=\"{&quot;background_background&quot;:&quot;classic&quot;}\">\n\t\t\t\t\t<div class=\"e-con-inner\">\n\t\t<div class=\"elementor-element elementor-element-6a27e28 e-con-full e-flex e-con e-child\" data-id=\"6a27e28\" data-element_type=\"container\" data-e-type=\"container\">\n\t\t\t\t<div class=\"elementor-element elementor-element-692b4b2 elementor-widget elementor-widget-image\" data-id=\"692b4b2\" data-element_type=\"widget\" data-e-type=\"widget\" data-widget_type=\"image.default\">\n\t\t\t\t\t\t\t\t\t\t\t\t\t\t\t<img decoding=\"async\" src=\"https:\/\/humanbeinguserguide.com\/wp-content\/plugins\/elementor\/assets\/images\/placeholder.png\" title=\"\" alt=\"\" loading=\"lazy\" \/>\t\t\t\t\t\t\t\t\t\t\t\t\t\t\t<\/div>\n\t\t\t\t<\/div>\n\t\t<div class=\"elementor-element elementor-element-6a23b33 e-con-full e-flex e-con e-child\" data-id=\"6a23b33\" data-element_type=\"container\" data-e-type=\"container\">\n\t\t\t\t<div class=\"elementor-element elementor-element-6a62c4c elementor-widget elementor-widget-heading\" data-id=\"6a62c4c\" data-element_type=\"widget\" data-e-type=\"widget\" data-widget_type=\"heading.default\">\n\t\t\t\t\t<h2 class=\"elementor-heading-title elementor-size-default\">Etienne Wersinger<\/h2>\t\t\t\t<\/div>\n\t\t\t\t<div class=\"elementor-element elementor-element-73e09a3 elementor-widget elementor-widget-text-editor\" data-id=\"73e09a3\" data-element_type=\"widget\" data-e-type=\"widget\" data-widget_type=\"text-editor.default\">\n\t\t\t\t\t\t\t\t\t<p>Explorateur des rouages de la conscience et de la m\u00e9canique du vivant, je consacre mes recherches \u00e0 la compr\u00e9hension de notre architecture int\u00e9rieure. Mon approche se veut \u00e0 la crois\u00e9e de la philosophie, de la psychologie et de la spiritualit\u00e9 pragmatique, pour rendre accessible ce qui nous semble souvent hors de port\u00e9e : notre propre fonctionnement.<\/p>\t\t\t\t\t\t\t\t<\/div>\n\t\t\t\t<\/div>\n\t\t\t\t\t<\/div>\n\t\t\t\t<\/div>\n\t\t<div class=\"elementor-element elementor-element-ac0b92c e-flex e-con-boxed e-con e-parent\" data-id=\"ac0b92c\" data-element_type=\"container\" data-e-type=\"container\" data-settings=\"{&quot;background_background&quot;:&quot;classic&quot;}\">\n\t\t\t\t\t<div class=\"e-con-inner\">\n\t\t\t\t<div class=\"elementor-element elementor-element-5a3898d elementor-widget elementor-widget-heading\" data-id=\"5a3898d\" data-element_type=\"widget\" data-e-type=\"widget\" data-widget_type=\"heading.default\">\n\t\t\t\t\t<h2 class=\"elementor-heading-title elementor-size-default\">Le constat : La machine la plus complexe, livr\u00e9e sans manuel<\/h2>\t\t\t\t<\/div>\n\t\t\t\t<div class=\"elementor-element elementor-element-912d413 elementor-widget elementor-widget-text-editor\" data-id=\"912d413\" data-element_type=\"widget\" data-e-type=\"widget\" data-widget_type=\"text-editor.default\">\n\t\t\t\t\t\t\t\t\t<p>Nous vivons dans un monde o\u00f9 le moindre appareil \u00e9lectronique est fourni avec un mode d&#8217;emploi exhaustif. Pourtant, nous sommes jet\u00e9s dans l&rsquo;existence aux commandes de la technologie la plus sophistiqu\u00e9e de l&rsquo;univers connu \u2013 le corps et l&rsquo;esprit humain \u2013 sans la moindre notice.<\/p>\t\t\t\t\t\t\t\t<\/div>\n\t\t\t\t<div class=\"elementor-element elementor-element-7e85ed5 elementor-widget elementor-widget-text-editor\" data-id=\"7e85ed5\" data-element_type=\"widget\" data-e-type=\"widget\" data-widget_type=\"text-editor.default\">\n\t\t\t\t\t\t\t\t\t<p>Ce guide est n\u00e9 de ce paradoxe. Face \u00e0 la souffrance \u00e9vitable, \u00e0 la d\u00e9connexion de nos sensations et au brouhaha constant de notre mental, j&rsquo;ai voulu compiler les \u00ab r\u00e9glages d&rsquo;usine \u00bb. L&rsquo;objectif n&rsquo;est pas de dicter une v\u00e9rit\u00e9, mais d&rsquo;offrir une cartographie claire pour permettre \u00e0 chacun de reprendre le contr\u00f4le de son propre v\u00e9hicule<\/p>\t\t\t\t\t\t\t\t<\/div>\n\t\t\t\t\t<\/div>\n\t\t\t\t<\/div>\n\t\t<div class=\"elementor-element elementor-element-a1c749d e-flex e-con-boxed e-con e-parent\" data-id=\"a1c749d\" data-element_type=\"container\" data-e-type=\"container\" data-settings=\"{&quot;background_background&quot;:&quot;classic&quot;}\">\n\t\t\t\t\t<div class=\"e-con-inner\">\n\t\t\t\t<div class=\"elementor-element elementor-element-6914bf7 elementor-widget elementor-widget-heading\" data-id=\"6914bf7\" data-element_type=\"widget\" data-e-type=\"widget\" data-widget_type=\"heading.default\">\n\t\t\t\t\t<h2 class=\"elementor-heading-title elementor-size-default\">Mon Parcours<\/h2>\t\t\t\t<\/div>\n\t\t\t\t<div class=\"elementor-element elementor-element-c31c886 elementor-widget elementor-widget-text-editor\" data-id=\"c31c886\" data-element_type=\"widget\" data-e-type=\"widget\" data-widget_type=\"text-editor.default\">\n\t\t\t\t\t\t\t\t\t<p>Avant de concevoir ce manuel, j&rsquo;ai pass\u00e9 plus de deux d\u00e9cennies \u00e0 \u00e9tudier les m\u00e9canismes de la psych\u00e9 humaine, la biologie du stress et les traditions m\u00e9ditatives. Ce livre est la synth\u00e8se \u00e9pur\u00e9e de ces ann\u00e9es de recherche et de pratique sur le terrain : garder uniquement ce qui fonctionne, sans jargon ni dogme.<\/p>\t\t\t\t\t\t\t\t<\/div>\n\t\t\t\t<div class=\"elementor-element elementor-element-5cb0268 elementor-widget elementor-widget-button\" data-id=\"5cb0268\" data-element_type=\"widget\" data-e-type=\"widget\" data-widget_type=\"button.default\">\n\t\t\t\t\t\t\t\t\t\t<a class=\"elementor-button elementor-button-link elementor-size-sm elementor-animation-shrink\" href=\"https:\/\/humanbeinguserguide.com\/index.php\/chapitres\/\">\n\t\t\t\t\t\t<span class=\"elementor-button-content-wrapper\">\n\t\t\t\t\t\t\t\t\t<span class=\"elementor-button-text\">D\u00e9couvrir le Volume I<\/span>\n\t\t\t\t\t<\/span>\n\t\t\t\t\t<\/a>\n\t\t\t\t\t\t\t\t<\/div>\n\t\t\t\t\t<\/div>\n\t\t\t\t<\/div>\n\t\t\t\t<\/div>\n\t\t","protected":false},"excerpt":{"rendered":"<p>Etienne Wersinger Explorateur des rouages de la conscience et de la m\u00e9canique du vivant, je consacre mes recherches \u00e0 la compr\u00e9hension de notre architecture int\u00e9rieure. Mon approche se veut \u00e0 la crois\u00e9e de la philosophie, de la psychologie et de la spiritualit\u00e9 pragmatique, pour rendre accessible ce qui nous semble souvent hors de port\u00e9e : [&hellip;]<\/p>\n","protected":false},"author":2,"featured_media":0,"parent":0,"menu_order":0,"comment_status":"closed","ping_status":"closed","template":"","meta":{"footnotes":""},"class_list":["post-307","page","type-page","status-publish","hentry"],"jetpack_sharing_enabled":false,"jetpack_likes_enabled":false,"_links":{"self":[{"href":"https:\/\/humanbeinguserguide.com\/index.php\/wp-json\/wp\/v2\/pages\/307","targetHints":{"allow":["GET"]}}],"collection":[{"href":"https:\/\/humanbeinguserguide.com\/index.php\/wp-json\/wp\/v2\/pages"}],"about":[{"href":"https:\/\/humanbeinguserguide.com\/index.php\/wp-json\/wp\/v2\/types\/page"}],"author":[{"embeddable":true,"href":"https:\/\/humanbeinguserguide.com\/index.php\/wp-json\/wp\/v2\/users\/2"}],"replies":[{"embeddable":true,"href":"https:\/\/humanbeinguserguide.com\/index.php\/wp-json\/wp\/v2\/comments?post=307"}],"version-history":[{"count":43,"href":"https:\/\/humanbeinguserguide.com\/index.php\/wp-json\/wp\/v2\/pages\/307\/revisions"}],"predecessor-version":[{"id":353,"href":"https:\/\/humanbeinguserguide.com\/index.php\/wp-json\/wp\/v2\/pages\/307\/revisions\/353"}],"wp:attachment":[{"href":"https:\/\/humanbeinguserguide.com\/index.php\/wp-json\/wp\/v2\/media?parent=307"}],"curies":[{"name":"wp","href":"https:\/\/api.w.org\/{rel}","templated":true}]}}